d by t(-10).
13
Suppose -w + 3 = 2*w, -w + 15 = 2*o. Suppose j + 4*d = 34, j - o*d + 2*d + 2 = 0. What is the remainder when 33 is divided by j?
15
Let g(u) be the third derivative of u**4/24 - 5*u**3/3 - u**2. Let v be g(0). Let i = v - -17. Calculate the remainder when 20 is divided by i.
6
Calculate the remainder when 27 - (1 + 0/(-2)) is divided by 2 + 1 + 1 + 6.
6
Let r(q) be the third derivative of -7/60*q**5 + 0 + 3/8*q**4 + 0*q + 2*q**3 - 2*q**2 - 1/120*q**6. What is the remainder when 10 is divided by r(-8)?
2
Let g = 8 - 6. Suppose 3*m = -5*l + l + 121, 3*l = -g*m + 82. Suppose -6*w + 4*w + z = -30, 0 = 3*w + z - m. Calculate the remainder when w is divided by 4.
1
Let a = -5 - -11. Calculate the remainder when 21 is divided by a.
3
Let l = -9 + 37. Suppose 0*q - 3*q - 4*u + 10 = 0, -5*u + 3 = -q. What is the remainder when l is divided by (-1 + q)/((-2)/(-30))?
13
Suppose 4*z = 7 - 31. Calculate the remainder when z + 4 - (-24)/2 is divided by 4.
2
Suppose 3*s = s + 16. Let w(k) = k**2 - k + 6. Let l be w(s). Suppose l - 8 = 3*r. Calculate the remainder when 70 is divided by r.
16
Let b(y) = -y**3 + 3*y**2 - y + 7. What is the remainder when 13 is divided by b(3)?
1
Calculate the remainder when 138 is divided by (12 - 15)*(-70)/6.
33
Suppose -8 = -3*r + 4*c, -5*c - 10 = 5*r - 0*c. What is the remainder when r + -6 + 3 - -15 is divided by 5?
2
Let j = 10 + 6. Let u(l) = 83*l**3 - 2*l**2 + l. Let x be u(1). Let r = x - 35. What is the remainder when r is divided by j?
15
Let r(g) = g**3 - 10*g**2 - 7*g - 14. Calculate the remainder when 56 is divided by r(11).
26
Suppose -2*m + 12 = m. Suppose -2*r - 30 = -4*o, 5*o = -5*r + m*r + 34. Calculate the remainder when 12 is divided by o.
5
Suppose -13*a + 15*a - 71 = 3*x, 0 = 4*a + 3*x - 151. Calculate the remainder when 184 is divided by a.
36
Let u be 10/(1/(-3)*2). Let z = u + 20. What is the remainder when 18 is divided by z?
3
Let f(v) = 5*v - 41. Calculate the remainder when f(26) is divided by 24.
17
Let i(g) = g**3 + 7*g**2 + 3*g + 9. Let z be i(-7). Let f = z - -18. Calculate the remainder when 9 is divided by f.
3
Suppose o - 15 = -0*g - 2*g, -3*g + 3*o + 9 = 0. Let s(k) = k**3 - 6*k**2 + 3*k - 4. Calculate the remainder when 27 is divided by s(g).
13
Let i = -7 - -13. What is the remainder when (220/(-35))/(4/(-14)) + 1 is divided by i?
5
Suppose -3*o + 17 = -34. Suppose -2*y + 29 = -35. What is the remainder when y is divided by o?
15
Let p(d) = d + 8. Calculate the remainder when 86/18 + (-4)/(-18) is divided by p(-6).
1
Let s(o) = -o**3 - 5*o**2 + o - 2. Let z be s(-4). Let g = -12 - z. What is the remainder when 19 is divided by g?
9
Suppose m - 28 = 5*i, m - 5*i - 37 = -3*m. Suppose -6*a + m*a = -9. Let j = 3 + a. What is the remainder when 10 is divided by j?
4
Let m = 89 + -70. Calculate the remainder when m is divided by 9.
1
Let y = -5 - -7. Let m = 18 - y. What is the remainder when 47 is divided by m?
15
Suppose -3*m + 17 - 5 = 0. Calculate the remainder when m/(28/8 + -3) is divided by 5.
3
Let s = -17 + 39. What is the remainder when 87 is divided by s?
21
Let r(t) = 5*t**2 + 2*t - 22. What is the remainder when r(-5) is divided by 32?
29
Suppose 31*y - 27*y - 56 = 0. What is the remainder when 49 is divided by y?
7
Let y be (-56)/5 + 4/20. Calculate the remainder when 0 + 0 + (2 - y) is divided by 14*(1 - 1/2).
6
Calculate the remainder when 8/(-20) - 97/(-5) is divided by 12.
7
Suppose 0 = c - 14 - 0. What is the remainder when c is divided by 8?
6
Let h = 3 - -8. What is the remainder when h is divided by 6?
5
Suppose 3*n = -5*l + 430, 12*n + 10 = 10*n. Calculate the remainder when l is divided by 10.
9
Suppose -5*p + 60 = -0*p. Let n = -524 - -532. Calculate the remainder when p is divided by n.
4
Let k be 2/3 + (-489)/(-9). Suppose -2*h = -5*b - 4*h + 25, 4*h + k = 5*b. What is the remainder when 19*(2/6 - (-4)/6) is divided by b?
5
Suppose 0*c + 5*c - 140 = 0. Let r = c - 1. What is the remainder when r is divided by 14?
13
Let t = 137 - 86. What is the remainder when t is divided by 13?
12
Suppose 0 = -3*m - 8 + 2, -f - 4*m = 5. Let h be ((-8)/10)/(f/(-15)). Suppose h*s + 9 - 33 = 0. What is the remainder when 11 is divided by s?
5
Let v(g) = -3*g + g**3 + 5*g + 4*g - 6*g**2 + 2. What is the remainder when v(5) is divided by 4?
3
Suppose -4*s - 4*p + 64 = 0, 83 = 5*s + 4*p - 0*p. What is the remainder when s is divided by 7?
5
Let y(j) = -2*j**2 - 34*j + 13. What is the remainder when y(-13) is divided by 15?
12
Let z(p) = -6*p + 1. Suppose -5*d + 4*w = -79, -d - 2*w + 65 = 2*d. Calculate the remainder when z(-6) is divided by d.
18
Suppose -2*z - 3 = -l, -4*l + 4*z + 0 - 4 = 0. Let o = -150 + 93. Calculate the remainder when 21 is divided by (-2)/5 + o/l.
10
Let o(v) = v**3 + 14*v**2 - 8. Let u be o(-14). Let w = 17 + u. What is the remainder when 23 is divided by w?
5
Let f = -31 - -45. Let g(b) = 6*b**2 + 1. Let s be g(1). Calculate the remainder when 275/s - 10/35 is divided by f.
11
Calculate the remainder when 8 is divided by (-33)/(-77) - 36/(-14).
2
Let g be (-8)/6*(-6)/4. Let r = g + 1. Let k = 30 + -28. What is the remainder when r is divided by k?
1
Let q(a) = -a**3 + 5*a**2 - 2*a + 2. Let b be q(5). Let k = b + 23. What is the remainder when 29 is divided by k?
14
Suppose -j - 2 = -4*c, -2*c - 5*j - 1 = 9. Let r(f) = f**3 - f**2 - f + 43. What is the remainder when r(c) is divided by 22?
21
Suppose 285 = 5*j + b, 3*j + 2*b = -j + 222. Calculate the remainder when j is divided by 12.
10
Suppose 3*t = -8 + 20. Suppose -t*x + 12 = -x. What is the remainder when 9/x + (-6)/(-8) is divided by 2?
1
Suppose -g = 4*g - 25. Suppose 2*r + 66 = 2*m - 28, -2*m = -g*r - 109. What is the remainder when m is divided by 15?
12
Let y be (-236)/12 - (-2)/3. Let v = y - -34. What is the remainder when v is divided by 8?
7
Let x(j) = -2*j - 2. Let n be x(5). Let l be -1*n/(6/3). What is the remainder when 209/l + (-1)/(-6) is divided by 12?
11
Suppose -36 + 291 = -5*p. Let d = -19 - p. Calculate the remainder when d is divided by 11.
10
Suppose -2*w + 4*g = -483 + 125, -w + 182 = g. Calculate the remainder when w is divided by 61.
59
Let s = -6 + 10. Suppose 2*m + 26 = 3*h + s*m, -h - m + 10 = 0. Calculate the remainder when h is divided by 5/(-15) + 10/3.
0
Calculate the remainder when 1*(42 + 10/(-2)) is divided by 14.
9
Suppose 4*k - 6*k + 110 = 0. Suppose -3*x - 3*t + 48 = 0, 0*x = 4*x + t - k. Suppose 0*b = b - x. What is the remainder when 24 is divided by b?
11
Suppose -2*t + 3*t - 4 = 0. Suppose t*u - 7*u = -30. What is the remainder when 6/(-5)*(-140)/6 is divided by u?
8
Let s = 185 - 158. What is the remainder when s is divided by (-2 - -2 - 1) + 11?
7
Suppose x + 5 = 5*k + 70, -3*x - 2*k = -178. Calculate the remainder when x is divided by 21.
18
Let d(c) = -c**2 - 15*c - 3. What is the remainder when d(-11) is divided by 11?
8
Let p(u) = -5*u**3 - u - 1. Let w be p(-1). Suppose -2*j - 30 = -w*j. Calculate the remainder when j is divided by 6.
4
Suppose 5*i = -20 + 5. Let w = i - -3. Suppose w*r = r - 12. What is the remainder when r is divided by 7?
5
Suppose -r + 14 = 2*f, -2*r + 12 = -r + f. What is the remainder when 18 is divided by r?
8
Let p = 118 - 100. What is the remainder when 47 is divided by p?
11
Let k(x) = -6*x**2 - 2*x - 1. Let g be k(-1). Let c(s) = -11*s - 5. What is the remainder when c(g) is divided by 17?
16
Let m be 16/10 - 6/(-15). Suppose 141 = 3*w + 36. Suppose 0 = 5*z - m*p - 72 - 13, z = 4*p + w. Calculate the remainder when 28 is divided by z.
13
Let i = 72 + -64. What is the remainder when 19 is divided by i?
3
Let v(c) = -17*c - 1. Let n be v(1). Calculate the remainder when 9 is divided by n/12*8/(-3).
1
Let v = 147 + 74. Calculate the remainder when v is divided by 32.
29
Suppose 4*q = 4 - 0. Suppose o - q = 1. Calculate the remainder when 6 is divided by o.
0
Let u(y) = y**2 - 6*y - 3. Let d be u(7). Suppose 3*b + d*o = -2*b + 16, -b - 5*o - 1 = 0. Let w = 3 - 0. Calculate the remainder when b is divided by w.
1
Let u = 196 - 54. Suppose 2*b = 4*b - u. Calculate the remainder when b is divided by 18.
17
What is the remainder when (-5)/(-10) + 161/2 is divided by 21?
18
Suppose -6*i + 133 = -5. Calculate the remainder w